{"id":1121,"date":"2018-08-31T14:52:55","date_gmt":"2018-08-31T17:52:55","guid":{"rendered":"https:\/\/isp16-sfe.infd.edu.ar\/sitio\/personal-docente\/"},"modified":"2020-08-13T16:55:20","modified_gmt":"2020-08-13T19:55:20","slug":"personal-docente","status":"publish","type":"page","link":"https:\/\/isp16-sfe.infd.edu.ar\/sitio\/personal-docente\/","title":{"rendered":"PERSONAL DOCENTE Y ASISTENTES ESCOLARES"},"content":{"rendered":"<p style=\"text-align: left;\"><strong>Horario de Atenci\u00f3n OFICINA DE PERSONAL<\/strong><br \/>\nLunes a Viernes<\/p>\n<p style=\"text-align: left;\"><strong>Turno Ma\u00f1ana<\/strong>: 09:00 a 11:00 hs.<\/p>\n<p style=\"text-align: left;\"><strong>Turno Tarde<\/strong>: 14:00 a 16:00 hs<\/p>\n<p style=\"text-align: left;\"><strong>Turno Noche<\/strong>: 18:00 a 20:00 hs.<\/p>\n<p><strong>Contacto:<\/strong><br \/>\n<strong>Tel:<\/strong> (341) 4721403 Int: 30<br \/>\n<strong>Correo:<\/strong>\u00a0<a href=\"mailto:personal.isp16@gmail.com\">personal.isp16@gmail.com<\/a><\/p>\n<p><strong>Personal a cargo:<\/strong><br \/>\n<em>Florencia LAGRECA &#8211; Ricardo BERSANI &#8211; Claudio SCHAPIRA<\/em><\/p>\n<p><strong>Datos Importantes:<\/strong><br \/>\n1) Agentes que deban abrir su legajo en el Instituto:<br \/>\n<strong>*\u00a0 \u00a0 \u00a0 \u00a0 \u00a0Formulario Apertura de Legajo<\/strong><br \/>\n<strong>*\u00a0 \u00a0 \u00a0 \u00a0 \u00a0Formulario Ficha de Personal<\/strong><br \/>\n<strong>*\u00a0 \u00a0 \u00a0 \u00a0 \u00a0Formulario Declaraci\u00f3n Jurada de Cargos &#8211; Horas C\u00e1tedra<\/strong><br \/>\n<strong>*\u00a0 \u00a0 \u00a0 \u00a0 \u00a0Formulario Declaraci\u00f3n Jurada N\u00facleo Familiar<\/strong><\/p>\n<p>2) Si modificasen alg\u00fan dato personal (e-mail, tel\u00e9fono, direcci\u00f3n, etc)<br \/>\n<strong>*\u00a0 \u00a0 \u00a0 \u00a0 \u00a0<em>Formulario Actualizaci\u00f3n de Datos Personal<\/em><\/strong><\/p>\n<p>3) Todos los a\u00f1os y hasta el 30\/04 deben presentar actualizada:<br \/>\n*<strong>\u00a0 \u00a0 \u00a0 \u00a0 \u00a0 <em>Formulario Declaraci\u00f3n Jurada de Cargos &#8211; Horas C\u00e1tedra<\/em><\/strong><\/p>\n<p>4) Si de un a\u00f1o a otro han modificado su N\u00facleo Familiar, tambi\u00e9n al 30\/04 debe presentar actualizada:<br \/>\n<strong>*\u00a0 \u00a0 \u00a0 \u00a0 \u00a0 <em>Formulario Declaraci\u00f3n Jurada N\u00facleo Familiar<\/em><\/strong><\/p>\n<p style=\"text-align: justify;\">\n5) Para tramitar Licencias M\u00e9dicas en \u00c1rea Salud y Trabajo:<\/p>\n<p>*\u00a0 \u00a0<a href=\"http:\/\/asyt.fcm.unr.edu.ar\/\" target=\"_blank\" rel=\"noopener noreferrer\" data-saferedirecturl=\"https:\/\/www.google.com\/url?hl=es&amp;q=http:\/\/asyt.fcm.unr.edu.ar&amp;source=gmail&amp;ust=1524358298871000&amp;usg=AFQjCNGoWN6GtGIIS6QWUnkHIemLWNtstg\">http:\/\/asyt.fcm.unr.edu.ar<\/a>&lt;<a href=\"http:\/\/asyt.fcm.unr.edu.ar\/\" target=\"_blank\" rel=\"noopener noreferrer\" data-saferedirecturl=\"https:\/\/www.google.com\/url?hl=es&amp;q=http:\/\/asyt.fcm.unr.edu.ar\/&amp;source=gmail&amp;ust=1524358298871000&amp;usg=AFQjCNFrK2rkaWYt20t5hqagilpnAN3_gA\">http:\/\/asyt.fcm.unr.edu.ar\/<\/a>&gt; o telef\u00f3nicamente al 0800-888-2798 siempre en el horario de 07:00 a 19:00 hs.<\/p>\n<p><strong> *\u00a0 \u00a0<em>Formulario Licencias M\u00e9dicas<\/em> &#8211; LM-01 + certificado m\u00e9dico estampillado<\/strong><br \/>\nSi por primera vez piden licencia m\u00e9dica por Familiar Enfermo o han modificado su n\u00facleo familiar, deber\u00e1n mandar escaneada y firmada por el director de algunas de las escuela donde presta servicio, el <strong>Formulario Declaraci\u00f3n Jurada N\u00facleo Familiar<\/strong> a\u00a0<a href=\"mailto:licenciadocente@gmail.com\">licenciadocente@gmail.com<\/a>&lt;mailto:<a href=\"mailto:licenciadocente@gmail.com\">licenciadocente@gmail.com<\/a>&gt;<\/p>\n<p>6) Para tramitar CUALQUIER otra licencia que NO sea m\u00e9dica:<br \/>\n<strong>*\u00a0 \u00a0 \u00a0 \u00a0 \u00a0<em>Formulario Licencias Administrativas<\/em> &#8211; LA-01<\/strong><\/p>\n<p>7) Para Renuncias de Cargos u Horas C\u00e1tedra:<br \/>\n<strong>*\u00a0 \u00a0 \u00a0 \u00a0 \u00a0<em>Formulario Solicitud Renuncia y Designaci\u00f3n<\/em> &#8211; RD-01<\/strong><\/p>\n<p><span style=\"text-decoration: underline;\"><em><strong>Titulares:<\/strong><\/em><\/span> Tr\u00e1mite Personal en el Ministerio de Educaci\u00f3n<br \/>\n<span style=\"text-decoration: underline;\"><strong>Interinos y Reemplazantes:<\/strong> <\/span>Tr\u00e1mite Personal en Mesa de Entradas del Instituto<\/p>\n<p>8) <em>Para el cobro de la Asignaci\u00f3n Familiar por Escolaridad:<\/em><br \/>\nSe deber\u00e1 completar y entregar en el Ministerio de Educaci\u00f3n antes del 30\/04 para informar los siguientes casos:<\/p>\n<p style=\"text-align: justify;\">\n*\u00a0 \u00a0 \u00a0 \u00a0 \u00a0Hijos por los que se solicita el cobro de asignaci\u00f3n de escolaridad por PRIMERA VEZ y pertenecen al Sistema Educativo Provincial (cualquiera sea el nivel y\/o modalidad), en este caso se solicitar\u00e1 a los padres certificado de alumno regular. Tambi\u00e9n deber\u00e1n presentar Certificado de Escolaridad aquellos que ingresen a jard\u00edn de 4 a\u00f1os que asistan a establecimientos del Sistema Educativo Provincial.<br \/>\n*\u00a0 \u00a0 \u00a0 \u00a0 \u00a0 Hijos que NO pertenecen al Sistema Educativo Provincial (por ejemplo universitarios o de escuelas que dependan de la UNR), en este caso se deber\u00e1 presentar adem\u00e1s el certificado de alumno regular por cada hijo informado.<br \/>\nSe recuerda que:<br \/>\n*\u00a0 \u00a0 \u00a0 \u00a0 \u00a0No se abona Escolaridad por los ni\u00f1os de 4 a\u00f1os que asisten a Establecimientos particulares no incorporados al Sistema Educativo Provincial (guarder\u00edas, jardines maternales).<br \/>\n*\u00a0 \u00a0 \u00a0 \u00a0 \u00a0No se abona Escolaridad ni Asignaci\u00f3n Familiar a mayores de 21 a\u00f1os.<br \/>\nNO se requiere enviar ning\u00fan tipo de informaci\u00f3n por correo electr\u00f3nico, los alumnos escolarizados ser\u00e1n certificados con la informaci\u00f3n registrada en el Sistema de Gesti\u00f3n Escolar (SIGAE Web), es por ello que destacamos la importancia de mantener actualizados sus registros.<\/p>\n<p>9)<em> P\u00e1ginas varias de utilidad:<\/em><\/p>\n<p>*\u00a0 \u00a0Subpoprtal de Educaci\u00f3n:\u00a0<a href=\"http:\/\/www.santafe.gov.ar\/index.php\/educacion\/102759\" target=\"_blank\" rel=\"noopener noreferrer\" data-saferedirecturl=\"https:\/\/www.google.com\/url?hl=es&amp;q=http:\/\/www.santafe.gov.ar\/index.php\/educacion\/102759&amp;source=gmail&amp;ust=1524358298872000&amp;usg=AFQjCNEx-DrIlw_MUKBzpj8wc0hGVUT6oQ\">www.santafe.gov.ar\/index.php\/educacion\/102759<\/a>&lt;<a href=\"http:\/\/www.santafe.gov.ar\/index.php\/educacion\/102759\" target=\"_blank\" rel=\"noopener noreferrer\" data-saferedirecturl=\"https:\/\/www.google.com\/url?hl=es&amp;q=http:\/\/www.santafe.gov.ar\/index.php\/educacion\/102759&amp;source=gmail&amp;ust=1524358298872000&amp;usg=AFQjCNEx-DrIlw_MUKBzpj8wc0hGVUT6oQ\">http:\/\/www.santafe.gov.ar\/index.php\/educacion\/102759<\/a>&gt;<\/p>\n<p>*\u00a0 \u00a0Intranet:\u00a0<a href=\"http:\/\/www.santafe.gov.ar\/intranet\" target=\"_blank\" rel=\"noopener noreferrer\" data-saferedirecturl=\"https:\/\/www.google.com\/url?hl=es&amp;q=http:\/\/www.santafe.gov.ar\/intranet&amp;source=gmail&amp;ust=1524358298872000&amp;usg=AFQjCNHWJzT5t8NHDLhkLYhYLwup8JrEag\">www.santafe.gov.ar\/intranet<\/a>&lt;<a href=\"http:\/\/www.santafe.gov.ar\/intranet\" target=\"_blank\" rel=\"noopener noreferrer\" data-saferedirecturl=\"https:\/\/www.google.com\/url?hl=es&amp;q=http:\/\/www.santafe.gov.ar\/intranet&amp;source=gmail&amp;ust=1524358298872000&amp;usg=AFQjCNHWJzT5t8NHDLhkLYhYLwup8JrEag\">http:\/\/www.santafe.gov.ar\/intranet<\/a>&gt;<\/p>\n<p>*\u00a0 \u00a0Escalafones Docentes:\u00a0<a href=\"http:\/\/www.santafe.gov.ar\/docentes\" target=\"_blank\" rel=\"noopener noreferrer\" data-saferedirecturl=\"https:\/\/www.google.com\/url?hl=es&amp;q=http:\/\/www.santafe.gov.ar\/docentes&amp;source=gmail&amp;ust=1524358298872000&amp;usg=AFQjCNHzQJ34oE2EoJwATsdGeu9ExD5sLw\">www.santafe.gov.ar\/docentes<\/a>&lt;<a href=\"http:\/\/www.santafe.gov.ar\/docentes\" target=\"_blank\" rel=\"noopener noreferrer\" data-saferedirecturl=\"https:\/\/www.google.com\/url?hl=es&amp;q=http:\/\/www.santafe.gov.ar\/docentes&amp;source=gmail&amp;ust=1524358298872000&amp;usg=AFQjCNHzQJ34oE2EoJwATsdGeu9ExD5sLw\">http:\/\/www.santafe.gov.ar\/docentes<\/a>&gt;<\/p>\n<p>*\u00a0 \u00a0Escalafones Asistentes Escolares:\u00a0<a href=\"http:\/\/www.santafe.gob.ar\/aescolares\/ae-portal\/\" target=\"_blank\" rel=\"noopener noreferrer\" data-saferedirecturl=\"https:\/\/www.google.com\/url?hl=es&amp;q=http:\/\/www.santafe.gob.ar\/aescolares\/ae-portal\/&amp;source=gmail&amp;ust=1524358298872000&amp;usg=AFQjCNGJwWj0QMWroEc-vBVK2ceEa50W1w\">www.santafe.gob.ar\/aescolares\/ae-portal\/<\/a>&lt;<a href=\"http:\/\/www.santafe.gob.ar\/aescolares\/ae-portal\/\" target=\"_blank\" rel=\"noopener noreferrer\" data-saferedirecturl=\"https:\/\/www.google.com\/url?hl=es&amp;q=http:\/\/www.santafe.gob.ar\/aescolares\/ae-portal\/&amp;source=gmail&amp;ust=1524358298872000&amp;usg=AFQjCNGJwWj0QMWroEc-vBVK2ceEa50W1w\">http:\/\/www.santafe.gob.ar\/aescolares\/ae-portal\/<\/a>&gt;<\/p>\n<p>*\u00a0 \u00a0Incompatibilidad Docente:\u00a0<a href=\"http:\/\/www.santafe.gov.ar\/docentes\/incompatibilidad\" target=\"_blank\" rel=\"noopener noreferrer\" data-saferedirecturl=\"https:\/\/www.google.com\/url?hl=es&amp;q=http:\/\/www.santafe.gov.ar\/docentes\/incompatibilidad&amp;source=gmail&amp;ust=1524358298872000&amp;usg=AFQjCNGBDKs5QFZ2uZErDgBJ1Q4kD4H4hQ\">www.santafe.gov.ar\/docentes\/incompatibilidad<\/a>&lt;<a href=\"http:\/\/www.santafe.gov.ar\/docentes\/incompatibilidad\" target=\"_blank\" rel=\"noopener noreferrer\" data-saferedirecturl=\"https:\/\/www.google.com\/url?hl=es&amp;q=http:\/\/www.santafe.gov.ar\/docentes\/incompatibilidad&amp;source=gmail&amp;ust=1524358298872000&amp;usg=AFQjCNGBDKs5QFZ2uZErDgBJ1Q4kD4H4hQ\">http:\/\/www.santafe.gov.ar\/docentes\/incompatibilidad<\/a>&gt;<\/p>\n<p>*\u00a0 \u00a0T\u00edtulos y Competencias:\u00a0<a href=\"http:\/\/www.santafe.gov.ar\/docentes\/titulos\" target=\"_blank\" rel=\"noopener noreferrer\" data-saferedirecturl=\"https:\/\/www.google.com\/url?hl=es&amp;q=http:\/\/www.santafe.gov.ar\/docentes\/titulos&amp;source=gmail&amp;ust=1524358298872000&amp;usg=AFQjCNG-RaSfEJ6Vz29mxmJughe5qvriJA\">www.santafe.gov.ar\/docentes\/titulos<\/a>&lt;<a href=\"http:\/\/www.santafe.gov.ar\/docentes\/titulos\" target=\"_blank\" rel=\"noopener noreferrer\" data-saferedirecturl=\"https:\/\/www.google.com\/url?hl=es&amp;q=http:\/\/www.santafe.gov.ar\/docentes\/titulos&amp;source=gmail&amp;ust=1524358298872000&amp;usg=AFQjCNG-RaSfEJ6Vz29mxmJughe5qvriJA\">http:\/\/www.santafe.gov.ar\/docentes\/titulos<\/a>&gt;<\/p>\n<p>*\u00a0 \u00a0\u00c1rea Salud y Trabajo:\u00a0<a href=\"http:\/\/asyt.fcm.unr.edu.ar\/\" target=\"_blank\" rel=\"noopener noreferrer\" data-saferedirecturl=\"https:\/\/www.google.com\/url?hl=es&amp;q=http:\/\/asyt.fcm.unr.edu.ar&amp;source=gmail&amp;ust=1524358298872000&amp;usg=AFQjCNHeFV3StulBQ2cJNaMnDCvWegK7Yg\">http:\/\/asyt.fcm.unr.edu.ar<\/a><\/p>\n<p>*\u00a0 \u00a0Consulta de N\u00ba de Tr\u00e1mite Salud Laboral:\u00a0<a href=\"http:\/\/asyt.fcm.unr.edu.ar\/tramites\" target=\"_blank\" rel=\"noopener noreferrer\" data-saferedirecturl=\"https:\/\/www.google.com\/url?hl=es&amp;q=http:\/\/asyt.fcm.unr.edu.ar\/tramites&amp;source=gmail&amp;ust=1524358298872000&amp;usg=AFQjCNF2CwB3qcYuwkV8DggYzVLB-BFABA\">http:\/\/asyt.fcm.unr.edu.ar\/tramites<\/a><\/p>\n<p>*\u00a0 \u00a0Reporte de Salud Laboral:\u00a0<a href=\"https:\/\/educacion.santafe.gov.ar\/slaboral\" target=\"_blank\" rel=\"noopener noreferrer\" data-saferedirecturl=\"https:\/\/www.google.com\/url?hl=es&amp;q=https:\/\/educacion.santafe.gov.ar\/slaboral&amp;source=gmail&amp;ust=1524358298872000&amp;usg=AFQjCNE0iyTKgsOEUPZwJWcfIRVf-24LPA\">https:\/\/educacion.santafe.gov.ar\/slaboral<\/a><\/p>\n<p>*\u00a0 \u00a0Plataforma Educativa:\u00a0<a href=\"http:\/\/plataformaeducativa.santafe.gov.ar\/moodle\" target=\"_blank\" rel=\"noopener noreferrer\" data-saferedirecturl=\"https:\/\/www.google.com\/url?hl=es&amp;q=http:\/\/plataformaeducativa.santafe.gov.ar\/moodle&amp;source=gmail&amp;ust=1524358298872000&amp;usg=AFQjCNE9KulJO3vN_EqPt7WUwNkn71QZ9Q\">http:\/\/plataformaeducativa.santafe.gov.ar\/moodle<\/a><\/p>\n<p>*\u00a0 \u00a0Consulta de Expedientes:\u00a0<a href=\"http:\/\/www.santafe.gov.ar\/index.php\/web\/apps\/sie\" target=\"_blank\" rel=\"noopener noreferrer\" data-saferedirecturl=\"https:\/\/www.google.com\/url?hl=es&amp;q=http:\/\/www.santafe.gov.ar\/index.php\/web\/apps\/sie&amp;source=gmail&amp;ust=1524358298872000&amp;usg=AFQjCNH609MlhR4qKwJkRCMCr_QyNsCnzg\">www.santafe.gov.ar\/index.php\/web\/apps\/sie<\/a>&lt;<a href=\"http:\/\/www.santafe.gov.ar\/index.php\/web\/apps\/sie\" target=\"_blank\" rel=\"noopener noreferrer\" data-saferedirecturl=\"https:\/\/www.google.com\/url?hl=es&amp;q=http:\/\/www.santafe.gov.ar\/index.php\/web\/apps\/sie&amp;source=gmail&amp;ust=1524358298872000&amp;usg=AFQjCNH609MlhR4qKwJkRCMCr_QyNsCnzg\">http:\/\/www.santafe.gov.ar\/index.php\/web\/apps\/sie<\/a>&gt;<\/p>\n<p>*\u00a0 \u00a0Consulta de Normativa:\u00a0<a href=\"http:\/\/www.santafe.gov.ar\/index.php\/web\/content\/view\/full\/93674\" target=\"_blank\" rel=\"noopener noreferrer\" data-saferedirecturl=\"https:\/\/www.google.com\/url?hl=es&amp;q=http:\/\/www.santafe.gov.ar\/index.php\/web\/content\/view\/full\/93674&amp;source=gmail&amp;ust=1524358298872000&amp;usg=AFQjCNHjGR4svZXZXtTO3M3lIdnoChil_w\">www.santafe.gov.ar\/index.php\/web\/content\/view\/full\/93674<\/a>&lt;<a href=\"http:\/\/www.santafe.gov.ar\/index.php\/web\/content\/view\/full\/93674\" target=\"_blank\" rel=\"noopener noreferrer\" data-saferedirecturl=\"https:\/\/www.google.com\/url?hl=es&amp;q=http:\/\/www.santafe.gov.ar\/index.php\/web\/content\/view\/full\/93674&amp;source=gmail&amp;ust=1524358298873000&amp;usg=AFQjCNEMmfVwN-uHb9q0OxkZVInj1t_6Jg\">http:\/\/www.santafe.gov.ar\/index.php\/web\/content\/view\/full\/93674<\/a>&gt;<\/p>\n<p>*\u00a0 \u00a0IAPOS:\u00a0<a href=\"http:\/\/www.santafe.gov.ar\/i\" target=\"_blank\" rel=\"noopener noreferrer\" data-saferedirecturl=\"https:\/\/www.google.com\/url?hl=es&amp;q=http:\/\/www.santafe.gov.ar\/i&amp;source=gmail&amp;ust=1524358298873000&amp;usg=AFQjCNFsV1sZ69LkSqsNQ7U04TOrj8vNNA\">www.santafe.gov.ar\/i<\/a>&lt;<a href=\"https:\/\/www.santafe.gov.ar\/i\" target=\"_blank\" rel=\"noopener noreferrer\" data-saferedirecturl=\"https:\/\/www.google.com\/url?hl=es&amp;q=https:\/\/www.santafe.gov.ar\/i&amp;source=gmail&amp;ust=1524358298873000&amp;usg=AFQjCNG6Aho1rb0wYBZfeWNe3T1wkbWnfg\">https:\/\/www.santafe.gov.ar\/i<\/a>&gt;apos<\/p>\n","protected":false},"excerpt":{"rendered":"<p>Horario de Atenci\u00f3n OFICINA DE PERSONAL Lunes a Viernes Turno Ma\u00f1ana: 09:00 a 11:00 hs. Turno Tarde: 14:00 a 16:00 hs Turno Noche: 18:00 a 20:00 hs. Contacto: Tel: (341) 4721403 Int: 30 Correo:\u00a0personal.isp16@gmail.com Personal a cargo: Florencia LAGRECA &#8211; Ricardo BERSANI &#8211; Claudio SCHAPIRA Datos Importantes: 1) Agentes que deban abrir su legajo en &#8230; <a title=\"PERSONAL DOCENTE Y ASISTENTES ESCOLARES\" class=\"read-more\" href=\"https:\/\/isp16-sfe.infd.edu.ar\/sitio\/personal-docente\/\" aria-label=\"More on PERSONAL DOCENTE Y ASISTENTES ESCOLARES\">[+]<\/a><\/p>\n","protected":false},"author":2082,"featured_media":0,"parent":0,"menu_order":0,"comment_status":"closed","ping_status":"closed","template":"","meta":[],"acf":[],"_links":{"self":[{"href":"https:\/\/isp16-sfe.infd.edu.ar\/sitio\/wp-json\/wp\/v2\/pages\/1121"}],"collection":[{"href":"https:\/\/isp16-sfe.infd.edu.ar\/sitio\/wp-json\/wp\/v2\/pages"}],"about":[{"href":"https:\/\/isp16-sfe.infd.edu.ar\/sitio\/wp-json\/wp\/v2\/types\/page"}],"author":[{"embeddable":true,"href":"https:\/\/isp16-sfe.infd.edu.ar\/sitio\/wp-json\/wp\/v2\/users\/2082"}],"replies":[{"embeddable":true,"href":"https:\/\/isp16-sfe.infd.edu.ar\/sitio\/wp-json\/wp\/v2\/comments?post=1121"}],"version-history":[{"count":1,"href":"https:\/\/isp16-sfe.infd.edu.ar\/sitio\/wp-json\/wp\/v2\/pages\/1121\/revisions"}],"predecessor-version":[{"id":2063,"href":"https:\/\/isp16-sfe.infd.edu.ar\/sitio\/wp-json\/wp\/v2\/pages\/1121\/revisions\/2063"}],"wp:attachment":[{"href":"https:\/\/isp16-sfe.infd.edu.ar\/sitio\/wp-json\/wp\/v2\/media?parent=1121"}],"curies":[{"name":"wp","href":"https:\/\/api.w.org\/{rel}","templated":true}]}}